{"id":86,"date":"2020-04-15T11:12:29","date_gmt":"2020-04-15T11:12:29","guid":{"rendered":"http:\/\/immunes.health\/?page_id=86"},"modified":"2020-04-27T10:55:36","modified_gmt":"2020-04-27T10:55:36","slug":"perche-immune-health","status":"publish","type":"page","link":"https:\/\/immunes.health\/?page_id=86&lang=it","title":{"rendered":"Perch\u00e9 Immunes Health"},"content":{"rendered":"\n<p>Dall&#8217;inizio di questa crisi del Coronavirus, abbiamo rilevato la sorprendente mancanza di presenza di guide immunitarie e suggerimenti dell&#8217;OMS, della politica e della stampa. <\/p>\n\n\n\n<p><\/p>\n\n\n\n<p>Non si tiene conto della capacit\u00e0 immunitaria dei nostri corpi di espellere il virus, se cerca di infettarci, \u00e8 qualcosa che pu\u00f2 essere modulata anche dalla nostra alimentazione (dieta, integratori alimentari ecc.) e dal nostro comportamento (esercizio fisico, esposizione al sole ecc). Inoltre, non si tiene conto del fatto che la nostra debolezza immunitaria come societ\u00e0 \u00e8 un ulteriore fattore di rischio che sta portando a questi tassi inattesi di casi gravi e decessi.<\/p>\n\n\n\n<p>Ancor pi\u00f9 sorprendente \u00e8 che non siano stati condotti studi clinici che includano la quercetina come farmaco antivirale. Nemmeno di fronte a prove in vitro complete, indicazioni di super computer, sperimentazioni su animali ed esperienza degli utenti sulla loro grande efficacia in molte malattie virali o microbiche.<\/p>\n\n\n\n<p>Dovremmo considerare, che trattandosi di una sostanza naturale non brevettabile, cos\u00ec facile da produrre e distribuire, non \u00e8 quindi nell&#8217;interesse delle grandi aziende farmaceutiche investire in essa?<\/p>\n\n\n\n<figure class=\"wp-block-image size-large is-style-default\"><img loading=\"lazy\" decoding=\"async\" width=\"1024\" height=\"538\" src=\"http:\/\/immunes.health\/wp-content\/uploads\/2020\/04\/Screenshot-from-2020-04-17-00-13-45-1024x538.png\" alt=\"\" class=\"wp-image-294\" srcset=\"https:\/\/immunes.health\/wp-content\/uploads\/2020\/04\/Screenshot-from-2020-04-17-00-13-45-1024x538.png 1024w, https:\/\/immunes.health\/wp-content\/uploads\/2020\/04\/Screenshot-from-2020-04-17-00-13-45-600x315.png 600w, https:\/\/immunes.health\/wp-content\/uploads\/2020\/04\/Screenshot-from-2020-04-17-00-13-45-300x158.png 300w, https:\/\/immunes.health\/wp-content\/uploads\/2020\/04\/Screenshot-from-2020-04-17-00-13-45-768x404.png 768w, https:\/\/immunes.health\/wp-content\/uploads\/2020\/04\/Screenshot-from-2020-04-17-00-13-45.png 1269w\" sizes=\"(max-width: 1024px) 100vw, 1024px\" \/><figcaption>La fondazione Gates \u00e8 la principale influenza nell&#8217;OMS (direttamente e con Gavi Alliance che hanno finanziato). <a href=\"http:\/\/open.who.int\/2018-19\/contributors\/contributor\">http:\/\/open.who.int\/2018-19\/contributors\/contributor<\/a><\/figcaption><\/figure>\n\n\n\n<p><br>Non possiamo accettare che nel frattempo le soluzioni naturali e facili siano messe a tacere, i nostri diritti umani vengano rubati, i nostri corpi arrestati nelle case, la nostra vita sociale in bancarotta e l&#8217;economia dei nostri decenni futuri messa in quarantena. Almeno siamo felici per il clima e la biodiversit\u00e0, ma nella post-crisi dovremmo lavorare come umanit\u00e0 per fare una vita in cui la nostra salute, la nostra libert\u00e0 e la salute del pianeta diventino compatibili.<\/p>\n\n\n\n<p>Come punto di partenza di Immunes Health crediamo che l&#8217;attuale crisi di <strong>Covid-19<\/strong> dovrebbe condurre a un&#8217;ampia analisi che consenta ai prodotti naturali pi\u00f9 efficaci di essere testati clinicamente e ai farmaci non brevettati di essere messi al servizio del sistema sanitario in senso lato a prezzi accessibili.<\/p>\n\n\n\n<p>Nel frattempo e nel contesto dell&#8217;urgenza, prodotti come la quercetina hanno un vantaggio: sono autorizzati in tutto il mondo a essere distribuiti senza prescrizione medica come integratore alimentare.&nbsp;Per questo motivo, e per la mancanza di soluzioni ai primi sintomi da parte delle autorit\u00e0 sanitarie, condividiamo il messaggio di usare la<strong> quercetina <\/strong>con la <strong>vitamina C, la vitamina D e lo zinco.<\/strong><\/p>\n\n\n\n<p>\u00c8 molto importante disporre di un kit di medicinali che pu\u00f2 essere utilizzato come profilassi per situazioni rischiose o in presenza dei primi sintomi. Pu\u00f2 ridurre notevolmente i casi sintomatici e la loro gravit\u00e0 e anche aiutare costantemente a fermare la diffusione di <strong>SARS-CoV2<\/strong>, fino a quando non sar\u00e0 necessario prolungare inutilmente i confini che, come detto, hanno un costo elevato per i diritti umani, la salute mentale, la vita sociale e l&#8217;economia.<\/p>\n\n\n\n<p>Pertanto <strong>Immunes Health <\/strong>nasce per creare un ampio spazio di collaborazione per questi problemi attuali che hanno sconvolto la nostra vita.<\/p>\n","protected":false},"excerpt":{"rendered":"<p>Dall&#8217;inizio di questa crisi del Coronavirus, abbiamo rilevato la sorprendente mancanza di presenza di guide immunitarie e suggerimenti dell&#8217;OMS, della politica e della stampa. Non si tiene conto della capacit\u00e0 immunitaria dei nostri corpi di espellere il virus, se cerca di infettarci, \u00e8 qualcosa che pu\u00f2 essere modulata anche dalla nostra alimentazione (dieta, integratori alimentari [&hellip;]<\/p>\n","protected":false},"author":2,"featured_media":0,"parent":0,"menu_order":0,"comment_status":"closed","ping_status":"closed","template":"templates\/page-left-sidebar.php","meta":{"footnotes":""},"_links":{"self":[{"href":"https:\/\/immunes.health\/index.php?rest_route=\/wp\/v2\/pages\/86"}],"collection":[{"href":"https:\/\/immunes.health\/index.php?rest_route=\/wp\/v2\/pages"}],"about":[{"href":"https:\/\/immunes.health\/index.php?rest_route=\/wp\/v2\/types\/page"}],"author":[{"embeddable":true,"href":"https:\/\/immunes.health\/index.php?rest_route=\/wp\/v2\/users\/2"}],"replies":[{"embeddable":true,"href":"https:\/\/immunes.health\/index.php?rest_route=%2Fwp%2Fv2%2Fcomments&post=86"}],"version-history":[{"count":5,"href":"https:\/\/immunes.health\/index.php?rest_route=\/wp\/v2\/pages\/86\/revisions"}],"predecessor-version":[{"id":429,"href":"https:\/\/immunes.health\/index.php?rest_route=\/wp\/v2\/pages\/86\/revisions\/429"}],"wp:attachment":[{"href":"https:\/\/immunes.health\/index.php?rest_route=%2Fwp%2Fv2%2Fmedia&parent=86"}],"curies":[{"name":"wp","href":"https:\/\/api.w.org\/{rel}","templated":true}]}}

Perché Immunes Health

<p>Dall&#8217;inizio di questa crisi del Coronavirus, abbiamo rilevato la sorprendente mancanza di presenza di guide immunitarie e suggerimenti dell&#8217;OMS, della politica e della stampa. </p>



<p></p>



<p>Non si tiene conto della capacità immunitaria dei nostri corpi di espellere il virus, se cerca di infettarci, è qualcosa che può essere modulata anche dalla nostra alimentazione (dieta, integratori alimentari ecc.) e dal nostro comportamento (esercizio fisico, esposizione al sole ecc). Inoltre, non si tiene conto del fatto che la nostra debolezza immunitaria come società è un ulteriore fattore di rischio che sta portando a questi tassi inattesi di casi gravi e decessi.</p>



<p>Ancor più sorprendente è che non siano stati condotti studi clinici che includano la quercetina come farmaco antivirale. Nemmeno di fronte a prove in vitro complete, indicazioni di super computer, sperimentazioni su animali ed esperienza degli utenti sulla loro grande efficacia in molte malattie virali o microbiche.</p>



<p>Dovremmo considerare, che trattandosi di una sostanza naturale non brevettabile, così facile da produrre e distribuire, non è quindi nell&#8217;interesse delle grandi aziende farmaceutiche investire in essa?</p>



<figure class="wp-block-image size-large is-style-default"><img loading="lazy" decoding="async" width="1024" height="538" src="http://immunes.health/wp-content/uploads/2020/04/Screenshot-from-2020-04-17-00-13-45-1024x538.png" alt="" class="wp-image-294" srcset="https://immunes.health/wp-content/uploads/2020/04/Screenshot-from-2020-04-17-00-13-45-1024x538.png 1024w, https://immunes.health/wp-content/uploads/2020/04/Screenshot-from-2020-04-17-00-13-45-600x315.png 600w, https://immunes.health/wp-content/uploads/2020/04/Screenshot-from-2020-04-17-00-13-45-300x158.png 300w, https://immunes.health/wp-content/uploads/2020/04/Screenshot-from-2020-04-17-00-13-45-768x404.png 768w, https://immunes.health/wp-content/uploads/2020/04/Screenshot-from-2020-04-17-00-13-45.png 1269w" sizes="(max-width: 1024px) 100vw, 1024px" /><figcaption>La fondazione Gates è la principale influenza nell&#8217;OMS (direttamente e con Gavi Alliance che hanno finanziato). <a href="http://open.who.int/2018-19/contributors/contributor">http://open.who.int/2018-19/contributors/contributor</a></figcaption></figure>



<p><br>Non possiamo accettare che nel frattempo le soluzioni naturali e facili siano messe a tacere, i nostri diritti umani vengano rubati, i nostri corpi arrestati nelle case, la nostra vita sociale in bancarotta e l&#8217;economia dei nostri decenni futuri messa in quarantena. Almeno siamo felici per il clima e la biodiversità, ma nella post-crisi dovremmo lavorare come umanità per fare una vita in cui la nostra salute, la nostra libertà e la salute del pianeta diventino compatibili.</p>



<p>Come punto di partenza di Immunes Health crediamo che l&#8217;attuale crisi di <strong>Covid-19</strong> dovrebbe condurre a un&#8217;ampia analisi che consenta ai prodotti naturali più efficaci di essere testati clinicamente e ai farmaci non brevettati di essere messi al servizio del sistema sanitario in senso lato a prezzi accessibili.</p>



<p>Nel frattempo e nel contesto dell&#8217;urgenza, prodotti come la quercetina hanno un vantaggio: sono autorizzati in tutto il mondo a essere distribuiti senza prescrizione medica come integratore alimentare.&nbsp;Per questo motivo, e per la mancanza di soluzioni ai primi sintomi da parte delle autorità sanitarie, condividiamo il messaggio di usare la<strong> quercetina </strong>con la <strong>vitamina C, la vitamina D e lo zinco.</strong></p>



<p>È molto importante disporre di un kit di medicinali che può essere utilizzato come profilassi per situazioni rischiose o in presenza dei primi sintomi. Può ridurre notevolmente i casi sintomatici e la loro gravità e anche aiutare costantemente a fermare la diffusione di <strong>SARS-CoV2</strong>, fino a quando non sarà necessario prolungare inutilmente i confini che, come detto, hanno un costo elevato per i diritti umani, la salute mentale, la vita sociale e l&#8217;economia.</p>



<p>Pertanto <strong>Immunes Health </strong>nasce per creare un ampio spazio di collaborazione per questi problemi attuali che hanno sconvolto la nostra vita.</p>

<p>Dall&#8217;inizio di questa crisi del Coronavirus, abbiamo rilevato la sorprendente mancanza di presenza di guide immunitarie e suggerimenti dell&#8217;OMS, della politica e della stampa. Non si tiene conto della capacità immunitaria dei nostri corpi di espellere il virus, se cerca di infettarci, è qualcosa che può essere modulata anche dalla nostra alimentazione (dieta, integratori alimentari [&hellip;]</p>
