{"id":647,"date":"2020-10-04T20:04:15","date_gmt":"2020-10-04T20:04:15","guid":{"rendered":"http:\/\/immunes.health\/?page_id=647"},"modified":"2020-10-04T20:04:21","modified_gmt":"2020-10-04T20:04:21","slug":"plataforma-de-ensayos-clinicos-2","status":"publish","type":"page","link":"https:\/\/immunes.health\/?page_id=647&lang=es","title":{"rendered":"Plataforma de ensayos cl\u00ednicos"},"content":{"rendered":"\n<p>Immunes\nHealth est\u00e1 trabajando para construir la primera plataforma de\nensayos cl\u00ednicos empoderada por los ciudadanos.<\/p>\n\n\n\n<p><br> Actualmente, el proceso para construir un ensayo cl\u00ednico depende en gran medida de la financiaci\u00f3n procedente de los gobiernos y de las grandes industrias farmac\u00e9uticas. Una de las razones de ello son los elevados costes que suelen tener los juicios serios, que podr\u00edan ser algunos o muchos millones de euros por un juicio. Tambi\u00e9n su implementaci\u00f3n depende generalmente de los hospitales involucrados que preguntar\u00e1n a los pacientes que est\u00e9n relacionados con la enfermedad que se investiga, si quieren ingresar. No hay transparencia del proceso econ\u00f3mico de los ensayos cl\u00ednicos y no hay una participaci\u00f3n organizada de ciudadanos y pacientes en los ensayos. Actualmente, si los ciudadanos quieren participar no es posible, no tienen voz, lo que es un h\u00e1ndicap del mundo de los ensayos cl\u00ednicos en la actualidad. Como conclusi\u00f3n, los ensayos cl\u00ednicos actuales son parciales, costosos y opacos. Y lo que es m\u00e1s triste a\u00fan; la mala calidad y el elevado coste de los medicamentos que est\u00e1 adquiriendo la sociedad est\u00e1n condicionados por la debilidad de los procesos de ensayos cl\u00ednicos.<br> <br> <br> Hoy los f\u00e1rmacos y medicinas aprobados para ser utilizados en hospitales para la principal enfermedad de nuestro tiempo, no son las mejores opciones, considerando resultados y seguridad, que la humanidad podr\u00eda contar. Y especialmente los compuestos naturales que podemos encontrar en los alimentos, est\u00e1n poco representados en estos ensayos porque la financiaci\u00f3n privada no sacar\u00eda grandes beneficios de ellos, porque no son patentables, por su gran disponibilidad y f\u00e1cil acceso. Esto ha sido una prueba cr\u00edtica con la crisis de Covid-19.<br> <br> <br> La plataforma de ensayos cl\u00ednicos que pretendemos construir permitir\u00e1 revolucionar la forma en que se construyen los ensayos cl\u00ednicos. Con este proceso nos gustar\u00eda hacer del paciente no solo un objeto pasivo de un ensayo, sino un sujeto activo involucrado en cada paso del mismo. El papel en los ensayos cl\u00ednicos no ser\u00e1 el \u00fanico de nuestra plataforma. Esta plataforma digital que estamos desarrollando, posibilitar\u00e1 la comunicaci\u00f3n entre la ciudadan\u00eda -pacientes afectados o no de enfermedad- e investigadores independientes, profesionales m\u00e9dicos, laboratorios con el fin de compartir y discutir informaci\u00f3n cient\u00edfica, y eventualmente construir propuestas sobre ensayos cl\u00ednicos. . Tambi\u00e9n queremos sustentar y ayudar a desarrollar las investigaciones que obtengan m\u00e1s consenso en la comunidad de miembros. As\u00ed es como queremos apoyar la investigaci\u00f3n cient\u00edfica independiente. Especialmente, aquellos que comparten estos objetivos de construir bienes comunes para la salud de la humanidad.<br> <br> <br> La plataforma facilitar\u00e1:  <\/p>\n\n\n\n<p>Immunes\nHealth est\u00e1 trabajando para construir la primera plataforma de\nensayos cl\u00ednicos empoderada por los ciudadanos.<\/p>\n\n\n\n<p><br>\nActualmente,\nel proceso para construir un ensayo cl\u00ednico depende en gran medida\nde la financiaci\u00f3n procedente de los gobiernos y de las grandes\nindustrias farmac\u00e9uticas. Una de las razones de ello son los\nelevados costes que suelen tener los juicios serios, que podr\u00edan ser\nalgunos o muchos millones de euros por un juicio. Tambi\u00e9n su\nimplementaci\u00f3n depende generalmente de los hospitales involucrados\nque preguntar\u00e1n a los pacientes que est\u00e9n relacionados con la\nenfermedad que se investiga, si quieren ingresar. No hay\ntransparencia del proceso econ\u00f3mico de los ensayos cl\u00ednicos y no\nhay una participaci\u00f3n organizada de ciudadanos y pacientes en los\nensayos. Actualmente, si los ciudadanos quieren participar no es\nposible, no tienen voz, lo que es un h\u00e1ndicap del mundo de los\nensayos cl\u00ednicos en la actualidad. Como conclusi\u00f3n, los ensayos\ncl\u00ednicos actuales son parciales, costosos y opacos. Y lo que es m\u00e1s\ntriste a\u00fan; la mala calidad y el elevado coste de los medicamentos\nque est\u00e1 adquiriendo la sociedad est\u00e1n condicionados por la\ndebilidad de los procesos de ensayos cl\u00ednicos.<br>\n<br>\n<br>\nHoy\nlos f\u00e1rmacos y medicinas aprobados para ser utilizados en hospitales\npara la principal enfermedad de nuestro tiempo, no son las mejores\nopciones, considerando resultados y seguridad, que la humanidad\npodr\u00eda contar. Y especialmente los compuestos naturales que podemos\nencontrar en los alimentos, est\u00e1n poco representados en estos\nensayos porque la financiaci\u00f3n privada no sacar\u00eda grandes\nbeneficios de ellos, porque no son patentables, por su gran\ndisponibilidad y f\u00e1cil acceso. Esto ha sido una prueba cr\u00edtica con\nla crisis de Covid-19.<br>\n<br>\n<br>\nLa plataforma de ensayos\ncl\u00ednicos que pretendemos construir permitir\u00e1 revolucionar la forma\nen que se construyen los ensayos cl\u00ednicos. Con este proceso nos\ngustar\u00eda hacer del paciente no solo un objeto pasivo de un ensayo,\nsino un sujeto activo involucrado en cada paso del mismo. El papel en\nlos ensayos cl\u00ednicos no ser\u00e1 el \u00fanico de nuestra plataforma. Esta\nplataforma digital que estamos desarrollando, posibilitar\u00e1 la\ncomunicaci\u00f3n entre la ciudadan\u00eda -pacientes afectados o no de\nenfermedad- e investigadores independientes, profesionales m\u00e9dicos,\nlaboratorios con el fin de compartir y discutir informaci\u00f3n\ncient\u00edfica, y eventualmente construir propuestas sobre ensayos\ncl\u00ednicos. . Tambi\u00e9n queremos sustentar y ayudar a desarrollar las\ninvestigaciones que obtengan m\u00e1s consenso en la comunidad de\nmiembros. As\u00ed es como queremos apoyar la investigaci\u00f3n cient\u00edfica\nindependiente. Especialmente, aquellos que comparten estos objetivos\nde construir bienes comunes para la salud de la humanidad.<br>\n<br>\n<br>\nLa\nplataforma facilitar\u00e1: \n<\/p>\n\n\n\n<p>&#8211;\ninvestigadores independientes para comprender mejor las necesidades\nde salud de poblaciones espec\u00edficas y encontrar ciudadanos que\npuedan unirse a sus proyectos de investigaci\u00f3n y ensayos cl\u00ednicos<\/p>\n\n\n\n<p>&#8211;\nciudadanos proponer investigadores y buscar cient\u00edficos interesados\nen liderarlos. Convertirse en testers de las investigaciones que se\najusten a sus perfiles y socios de las investigaciones que quieran\napoyar.<br>\n<br>\n<br>\nFinalmente, para cada ensayo cl\u00ednico y\nproyecto de investigaci\u00f3n, desarrollado con precisi\u00f3n por\ninvestigadores y profesionales y apoyado por las personas, hacemos el\nesfuerzo de financiar colectivamente los gastos de las\ninvestigaciones, para permitir que todas las investigaciones\nimportantes se realicen sin depender del dinero de &#8216;bigpharma &#8216;, sino\npara la construcci\u00f3n de Health Commons.<br>\n<br>\n<br>\nEsta\nplataforma tiene un impacto potencial en beneficio de toda la\nhumanidad, pues pretende posibilitar investigaciones completas, desde\nel desarrollo de hipotesis cient\u00edfica hasta ensayos cl\u00ednicos\ncompletos, con compuestos naturales ampliamente accesibles en todo el\nmundo, muy baratos y f\u00e1ciles de producir. Todos los resultados\nestar\u00edan en una licencia de open commons, para asegurarse de que\nest\u00e9 abierta a todos sin excepci\u00f3n.<\/p>\n\n\n\n<p><br>\nLa\nportada de un libro sobre los productos naturales utilizados en los\nensayos cl\u00ednicos, hoy<br>\n<br>\n<br>\nNuestro plan actual es<br>\n<br>\n&#8211;\nAhora estamos presentando el proyecto e involucrando a m\u00e1s personas\ncon diferentes conocimientos a bordo.<br>\n<br>\n&#8211; desde inicios de\noctubre hemos lanzado un crowdfunding para hacernos capaces de\nproducir y distribuir compuestos naturales a un precio m\u00e1s\necon\u00f3mico, y luego sostener la plataforma bas\u00e1ndose principalmente\nen la distribuci\u00f3n de dichos productos como parte del kit sugerido\npara COVID-19.<br>\n<br>\n&#8211; En unos meses lanzaremos una primera\nversi\u00f3n de plataforma descentralizada de redes sociales, que se\nllamar\u00e1, https:\/\/social.immunes.health (ya accesible cuando est\u00e9 en\ndesarrollo) Desde el principio, cualquier miembro podr\u00e1 contribuir\nen la plataforma y compartir sus ideas, propuestas y autoorganizarse\u2026\ncontribuyendo al proceso de decisi\u00f3n.<br>\n<br>\n&#8211; A partir de ah\u00ed\ncontinuaremos desarrollando la plataforma hasta que est\u00e9 lista para\napoyar todo el proceso para planificar y apoyar los ensayos cl\u00ednicos\ncon empoderamiento ciudadano.<\/p>\n\n\n\n<p>&#8211; En\nuna visi\u00f3n de largo plazo, la plataforma podr\u00eda convertirse en una\nherramienta de gesti\u00f3n completa para la realizaci\u00f3n de ensayos\ncl\u00ednicos con transparencia y participaci\u00f3n de sociedad<\/p>\n\n\n\n<p><br> Actualmente, el proceso para construir un ensayo cl\u00ednico depende en gran medida de la financiaci\u00f3n procedente de los gobiernos y de las grandes industrias farmac\u00e9uticas. Una de las razones de ello son los elevados costes que suelen tener los juicios serios, que podr\u00edan ser algunos o muchos millones de euros por un juicio. Tambi\u00e9n su implementaci\u00f3n depende generalmente de los hospitales involucrados que preguntar\u00e1n a los pacientes que est\u00e9n relacionados con la enfermedad que se investiga, si quieren ingresar. No hay transparencia del proceso econ\u00f3mico de los ensayos cl\u00ednicos y no hay una participaci\u00f3n organizada de ciudadanos y pacientes en los ensayos. Actualmente, si los ciudadanos quieren participar no es posible, no tienen voz, lo que es un h\u00e1ndicap del mundo de los ensayos cl\u00ednicos en la actualidad. Como conclusi\u00f3n, los ensayos cl\u00ednicos actuales son parciales, costosos y opacos. Y lo que es m\u00e1s triste a\u00fan; la mala calidad y el elevado coste de los medicamentos que est\u00e1 adquiriendo la sociedad est\u00e1n condicionados por la debilidad de los procesos de ensayos cl\u00ednicos.<br> <br> <br> Hoy los f\u00e1rmacos y medicinas aprobados para ser utilizados en hospitales para la principal enfermedad de nuestro tiempo, no son las mejores opciones, considerando resultados y seguridad, que la humanidad podr\u00eda contar. Y especialmente los compuestos naturales que podemos encontrar en los alimentos, est\u00e1n poco representados en estos ensayos porque la financiaci\u00f3n privada no sacar\u00eda grandes beneficios de ellos, porque no son patentables, por su gran disponibilidad y f\u00e1cil acceso. Esto ha sido una prueba cr\u00edtica con la crisis de Covid-19.<br> <br> <br> La plataforma de ensayos cl\u00ednicos que pretendemos construir permitir\u00e1 revolucionar la forma en que se construyen los ensayos cl\u00ednicos. Con este proceso nos gustar\u00eda hacer del paciente no solo un objeto pasivo de un ensayo, sino un sujeto activo involucrado en cada paso del mismo. El papel en los ensayos cl\u00ednicos no ser\u00e1 el \u00fanico de nuestra plataforma. Esta plataforma digital que estamos desarrollando, posibilitar\u00e1 la comunicaci\u00f3n entre la ciudadan\u00eda -pacientes afectados o no de enfermedad- e investigadores independientes, profesionales m\u00e9dicos, laboratorios con el fin de compartir y discutir informaci\u00f3n cient\u00edfica, y eventualmente construir propuestas sobre ensayos cl\u00ednicos. . Tambi\u00e9n queremos sustentar y ayudar a desarrollar las investigaciones que obtengan m\u00e1s consenso en la comunidad de miembros. As\u00ed es como queremos apoyar la investigaci\u00f3n cient\u00edfica independiente. Especialmente, aquellos que comparten estos objetivos de construir bienes comunes para la salud de la humanidad.<br> <br> <br> La plataforma facilitar\u00e1:  <\/p>\n\n\n\n<p>&#8211;\ninvestigadores independientes para comprender mejor las necesidades\nde salud de poblaciones espec\u00edficas y encontrar ciudadanos que\npuedan unirse a sus proyectos de investigaci\u00f3n y ensayos cl\u00ednicos<\/p>\n\n\n\n<p>&#8211;\nciudadanos proponer investigadores y buscar cient\u00edficos interesados\nen liderarlos. Convertirse en testers de las investigaciones que se\najusten a sus perfiles y socios de las investigaciones que quieran\napoyar.<br>\n<br>\n<br>\nFinalmente, para cada ensayo cl\u00ednico y\nproyecto de investigaci\u00f3n, desarrollado con precisi\u00f3n por\ninvestigadores y profesionales y apoyado por las personas, hacemos el\nesfuerzo de financiar colectivamente los gastos de las\ninvestigaciones, para permitir que todas las investigaciones\nimportantes se realicen sin depender del dinero de &#8216;bigpharma &#8216;, sino\npara la construcci\u00f3n de Health Commons.<br>\n<br>\n<br>\nEsta\nplataforma tiene un impacto potencial en beneficio de toda la\nhumanidad, pues pretende posibilitar investigaciones completas, desde\nel desarrollo de hipotesis cient\u00edfica hasta ensayos cl\u00ednicos\ncompletos, con compuestos naturales ampliamente accesibles en todo el\nmundo, muy baratos y f\u00e1ciles de producir. Todos los resultados\nestar\u00edan en una licencia de open commons, para asegurarse de que\nest\u00e9 abierta a todos sin excepci\u00f3n.<\/p>\n\n\n\n<p><\/p>\n\n\n\n<p><img loading=\"lazy\" decoding=\"async\" width=\"150\" height=\"194\" class=\"wp-image-480\" style=\"width: 150px;\" src=\"http:\/\/immunes.health\/wp-content\/uploads\/2020\/05\/9781681082134.jpg\" alt=\"\" srcset=\"https:\/\/immunes.health\/wp-content\/uploads\/2020\/05\/9781681082134.jpg 300w, https:\/\/immunes.health\/wp-content\/uploads\/2020\/05\/9781681082134-232x300.jpg 232w\" sizes=\"(max-width: 150px) 100vw, 150px\" \/><br> La portada de un libro sobre los productos naturales utilizados en los ensayos cl\u00ednicos, hoy<br> <br> <br> Nuestro plan actual es<br> <br> &#8211; Ahora estamos presentando el proyecto e involucrando a m\u00e1s personas con diferentes conocimientos a bordo.<br> <br> &#8211; desde inicios de octubre hemos lanzado un crowdfunding para hacernos capaces de producir y distribuir compuestos naturales a un precio m\u00e1s econ\u00f3mico, y luego sostener la plataforma bas\u00e1ndose principalmente en la distribuci\u00f3n de dichos productos como parte del kit sugerido para COVID-19.<br> <br> &#8211; En unos meses lanzaremos una primera versi\u00f3n de plataforma descentralizada de redes sociales, que se llamar\u00e1, https:\/\/social.immunes.health (ya accesible cuando est\u00e9 en desarrollo) Desde el principio, cualquier miembro podr\u00e1 contribuir en la plataforma y compartir sus ideas, propuestas y autoorganizarse\u2026 contribuyendo al proceso de decisi\u00f3n.<br> <br> &#8211; A partir de ah\u00ed continuaremos desarrollando la plataforma hasta que est\u00e9 lista para apoyar todo el proceso para planificar y apoyar los ensayos cl\u00ednicos con empoderamiento ciudadano.<\/p>\n\n\n\n<p>&#8211; En\nuna visi\u00f3n de largo plazo, la plataforma podr\u00eda convertirse en una\nherramienta de gesti\u00f3n completa para la realizaci\u00f3n de ensayos\ncl\u00ednicos con transparencia y participaci\u00f3n de sociedad<\/p>\n","protected":false},"excerpt":{"rendered":"<p>Immunes Health est\u00e1 trabajando para construir la primera plataforma de ensayos cl\u00ednicos empoderada por los ciudadanos. Actualmente, el proceso para construir un ensayo cl\u00ednico depende en gran medida de la financiaci\u00f3n procedente de los gobiernos y de las grandes industrias farmac\u00e9uticas. Una de las razones de ello son los elevados costes que suelen tener los [&hellip;]<\/p>\n","protected":false},"author":1,"featured_media":0,"parent":0,"menu_order":0,"comment_status":"closed","ping_status":"closed","template":"","meta":{"footnotes":""},"_links":{"self":[{"href":"https:\/\/immunes.health\/index.php?rest_route=\/wp\/v2\/pages\/647"}],"collection":[{"href":"https:\/\/immunes.health\/index.php?rest_route=\/wp\/v2\/pages"}],"about":[{"href":"https:\/\/immunes.health\/index.php?rest_route=\/wp\/v2\/types\/page"}],"author":[{"embeddable":true,"href":"https:\/\/immunes.health\/index.php?rest_route=\/wp\/v2\/users\/1"}],"replies":[{"embeddable":true,"href":"https:\/\/immunes.health\/index.php?rest_route=%2Fwp%2Fv2%2Fcomments&post=647"}],"version-history":[{"count":1,"href":"https:\/\/immunes.health\/index.php?rest_route=\/wp\/v2\/pages\/647\/revisions"}],"predecessor-version":[{"id":653,"href":"https:\/\/immunes.health\/index.php?rest_route=\/wp\/v2\/pages\/647\/revisions\/653"}],"wp:attachment":[{"href":"https:\/\/immunes.health\/index.php?rest_route=%2Fwp%2Fv2%2Fmedia&parent=647"}],"curies":[{"name":"wp","href":"https:\/\/api.w.org\/{rel}","templated":true}]}}