{"id":210,"date":"2020-04-16T16:16:43","date_gmt":"2020-04-16T16:16:43","guid":{"rendered":"http:\/\/immunes.health\/?page_id=210"},"modified":"2020-04-27T11:07:16","modified_gmt":"2020-04-27T11:07:16","slug":"perque-immunes-health","status":"publish","type":"page","link":"https:\/\/immunes.health\/?page_id=210&lang=ca","title":{"rendered":"Perqu\u00e8 Immunes Health"},"content":{"rendered":"\n<p>Des del comen\u00e7ament d&#8217;aquesta crisi de Coronavirus, detectem la sorprenent abs\u00e8ncia de pautes immunit\u00e0ries i suggeriments de l&#8217;OMS en la pol\u00edtica i la premsa.&nbsp;<\/p>\n\n\n\n<p>Per a major sorpresa, no s&#8217;han realitzat assajos cl\u00ednics fins avui incloent la Quercetina com a medicament antiviral usual. A pesar que hi ha molts assajos in vitro, indicacions de supercomputadores, assajos en animals i experi\u00e8ncia de l&#8217;usuari de la seva efic\u00e0cia significativa en moltes malalties virals o microbianes.<\/p>\n\n\n\n<p>Hem de considerar que la ra\u00f3 \u00e9s, que com \u00e9s una subst\u00e0ncia natural no patentable, f\u00e0cil de produir i distribuir, no interessa a les grans companyies farmac\u00e8utiques invertir en ella?<\/p>\n\n\n\n<figure class=\"wp-block-image size-large\"><img loading=\"lazy\" decoding=\"async\" width=\"1024\" height=\"538\" src=\"http:\/\/immunes.health\/wp-content\/uploads\/2020\/04\/Screenshot-from-2020-04-17-00-13-45-1-1024x538.png\" alt=\"\" class=\"wp-image-323\" srcset=\"https:\/\/immunes.health\/wp-content\/uploads\/2020\/04\/Screenshot-from-2020-04-17-00-13-45-1-1024x538.png 1024w, https:\/\/immunes.health\/wp-content\/uploads\/2020\/04\/Screenshot-from-2020-04-17-00-13-45-1-600x315.png 600w, https:\/\/immunes.health\/wp-content\/uploads\/2020\/04\/Screenshot-from-2020-04-17-00-13-45-1-300x158.png 300w, https:\/\/immunes.health\/wp-content\/uploads\/2020\/04\/Screenshot-from-2020-04-17-00-13-45-1-768x404.png 768w, https:\/\/immunes.health\/wp-content\/uploads\/2020\/04\/Screenshot-from-2020-04-17-00-13-45-1.png 1269w\" sizes=\"(max-width: 1024px) 100vw, 1024px\" \/><figcaption>La fundaci\u00f3 Gates \u00e9s la principal influ\u00e8ncia de l&#8217;OMS (directament i amb l&#8217;Alian\u00e7a Gavi que financien). <a href=\"http:\/\/open.who.int\/2018-19\/contributors\/contributor\">http:\/\/open.who.int\/2018-19\/contributors\/contributor<\/a><\/figcaption><\/figure>\n\n\n\n<p>No podem acceptar que les solucions f\u00e0cils i naturals siguin silenciades. Els nostres drets humans estan sent robats, els nostres cossos arrestats en les llars, la nostra vida social en fallida i l&#8217;economia de les nostres d\u00e8cades futures condemnada a la quarantena.<\/p>\n\n\n\n<p>Les pautes esmentades no tenen en compte que la capacitat immune dels nostres cossos per a expulsar el virus, si tracta d&#8217;infectar-nos, \u00e9s alguna cosa que pot ser modulat per la nostra nutrici\u00f3 (dieta, suplements alimentosos &#8230;) i el nostre comportament (exercici, prendre el sol&#8230;). A m\u00e9s, no t\u00e9 en compte que la nostra feblesa immune com a societat \u00e9s un factor de risc addicional que est\u00e0 conduint a aquestes taxes inesperades de casos greus i de mortaldat.<\/p>\n\n\n\n<p>Almenys estem contents pel clima i la biodiversitat, per\u00f2 en la postcrisi hem de treballar com a humanitat per a crear una vida on nostra salut, la nostra llibertat i la salut del planeta es tornin compatibles.<\/p>\n\n\n\n<p>Com a punt de partida de Immunes Health, creiem que la crisi actual de Covid-19 hauria de conduir a una an\u00e0lisi \u00e0mplia que permeti que els productes naturals m\u00e9s efectius siguin provats cl\u00ednicament i que els medicaments no patentats assequibles es posin al servei del sistema de salut en general.<\/p>\n\n\n\n<p>Mentrestant i en el context d&#8217;urg\u00e8ncia, els productes com la quercetina tenen un avantatge: estan autoritzats a tot el m\u00f3n per a ser distribu\u00efts sense recepta com a suplement nutricional. Per aquesta ra\u00f3, i donada la falta de solucions, les autoritats de salut ho estan donant als pacients que presenten els s\u00edmptomes inicials. Compartim un anomenat per a usar Quercetina amb la vitamina C, la vitamina D i el zinc m\u00e9s comuns.<\/p>\n\n\n\n<p>\u00c9s essencial tenir una farmaciola que pugui usar-se com a profil\u00e0ctic per a situacions de risc o quan apareguin els primers s\u00edmptomes. Pot reduir en gran manera els casos simptom\u00e0tics i la seva gravetat, i tamb\u00e9 ajuda a detenir la propagaci\u00f3 del SARS-CoV2 fins que es considerin innecessaris m\u00e9s confinaments que, com es va dir anteriorment, tenen un alt cost per als drets humans, la salut mental, la vida social i l&#8217;economia.<\/p>\n\n\n\n<p>Per tant, Immunes Health neix per a crear un ampli espai de col\u00b7laboraci\u00f3 cap a aquests problemes actuals que han afectat les nostres vides.<\/p>\n","protected":false},"excerpt":{"rendered":"<p>Des del comen\u00e7ament d&#8217;aquesta crisi de Coronavirus, detectem la sorprenent abs\u00e8ncia de pautes immunit\u00e0ries i suggeriments de l&#8217;OMS en la pol\u00edtica i la premsa.&nbsp; Per a major sorpresa, no s&#8217;han realitzat assajos cl\u00ednics fins avui incloent la Quercetina com a medicament antiviral usual. A pesar que hi ha molts assajos in vitro, indicacions de supercomputadores, [&hellip;]<\/p>\n","protected":false},"author":2,"featured_media":0,"parent":0,"menu_order":0,"comment_status":"closed","ping_status":"closed","template":"templates\/page-left-sidebar.php","meta":{"footnotes":""},"_links":{"self":[{"href":"https:\/\/immunes.health\/index.php?rest_route=\/wp\/v2\/pages\/210"}],"collection":[{"href":"https:\/\/immunes.health\/index.php?rest_route=\/wp\/v2\/pages"}],"about":[{"href":"https:\/\/immunes.health\/index.php?rest_route=\/wp\/v2\/types\/page"}],"author":[{"embeddable":true,"href":"https:\/\/immunes.health\/index.php?rest_route=\/wp\/v2\/users\/2"}],"replies":[{"embeddable":true,"href":"https:\/\/immunes.health\/index.php?rest_route=%2Fwp%2Fv2%2Fcomments&post=210"}],"version-history":[{"count":6,"href":"https:\/\/immunes.health\/index.php?rest_route=\/wp\/v2\/pages\/210\/revisions"}],"predecessor-version":[{"id":433,"href":"https:\/\/immunes.health\/index.php?rest_route=\/wp\/v2\/pages\/210\/revisions\/433"}],"wp:attachment":[{"href":"https:\/\/immunes.health\/index.php?rest_route=%2Fwp%2Fv2%2Fmedia&parent=210"}],"curies":[{"name":"wp","href":"https:\/\/api.w.org\/{rel}","templated":true}]}}

Perquè Immunes Health

<p>Des del començament d&#8217;aquesta crisi de Coronavirus, detectem la sorprenent absència de pautes immunitàries i suggeriments de l&#8217;OMS en la política i la premsa.&nbsp;</p>



<p>Per a major sorpresa, no s&#8217;han realitzat assajos clínics fins avui incloent la Quercetina com a medicament antiviral usual. A pesar que hi ha molts assajos in vitro, indicacions de supercomputadores, assajos en animals i experiència de l&#8217;usuari de la seva eficàcia significativa en moltes malalties virals o microbianes.</p>



<p>Hem de considerar que la raó és, que com és una substància natural no patentable, fàcil de produir i distribuir, no interessa a les grans companyies farmacèutiques invertir en ella?</p>



<figure class="wp-block-image size-large"><img loading="lazy" decoding="async" width="1024" height="538" src="http://immunes.health/wp-content/uploads/2020/04/Screenshot-from-2020-04-17-00-13-45-1-1024x538.png" alt="" class="wp-image-323" srcset="https://immunes.health/wp-content/uploads/2020/04/Screenshot-from-2020-04-17-00-13-45-1-1024x538.png 1024w, https://immunes.health/wp-content/uploads/2020/04/Screenshot-from-2020-04-17-00-13-45-1-600x315.png 600w, https://immunes.health/wp-content/uploads/2020/04/Screenshot-from-2020-04-17-00-13-45-1-300x158.png 300w, https://immunes.health/wp-content/uploads/2020/04/Screenshot-from-2020-04-17-00-13-45-1-768x404.png 768w, https://immunes.health/wp-content/uploads/2020/04/Screenshot-from-2020-04-17-00-13-45-1.png 1269w" sizes="(max-width: 1024px) 100vw, 1024px" /><figcaption>La fundació Gates és la principal influència de l&#8217;OMS (directament i amb l&#8217;Aliança Gavi que financien). <a href="http://open.who.int/2018-19/contributors/contributor">http://open.who.int/2018-19/contributors/contributor</a></figcaption></figure>



<p>No podem acceptar que les solucions fàcils i naturals siguin silenciades. Els nostres drets humans estan sent robats, els nostres cossos arrestats en les llars, la nostra vida social en fallida i l&#8217;economia de les nostres dècades futures condemnada a la quarantena.</p>



<p>Les pautes esmentades no tenen en compte que la capacitat immune dels nostres cossos per a expulsar el virus, si tracta d&#8217;infectar-nos, és alguna cosa que pot ser modulat per la nostra nutrició (dieta, suplements alimentosos &#8230;) i el nostre comportament (exercici, prendre el sol&#8230;). A més, no té en compte que la nostra feblesa immune com a societat és un factor de risc addicional que està conduint a aquestes taxes inesperades de casos greus i de mortaldat.</p>



<p>Almenys estem contents pel clima i la biodiversitat, però en la postcrisi hem de treballar com a humanitat per a crear una vida on nostra salut, la nostra llibertat i la salut del planeta es tornin compatibles.</p>



<p>Com a punt de partida de Immunes Health, creiem que la crisi actual de Covid-19 hauria de conduir a una anàlisi àmplia que permeti que els productes naturals més efectius siguin provats clínicament i que els medicaments no patentats assequibles es posin al servei del sistema de salut en general.</p>



<p>Mentrestant i en el context d&#8217;urgència, els productes com la quercetina tenen un avantatge: estan autoritzats a tot el món per a ser distribuïts sense recepta com a suplement nutricional. Per aquesta raó, i donada la falta de solucions, les autoritats de salut ho estan donant als pacients que presenten els símptomes inicials. Compartim un anomenat per a usar Quercetina amb la vitamina C, la vitamina D i el zinc més comuns.</p>



<p>És essencial tenir una farmaciola que pugui usar-se com a profilàctic per a situacions de risc o quan apareguin els primers símptomes. Pot reduir en gran manera els casos simptomàtics i la seva gravetat, i també ajuda a detenir la propagació del SARS-CoV2 fins que es considerin innecessaris més confinaments que, com es va dir anteriorment, tenen un alt cost per als drets humans, la salut mental, la vida social i l&#8217;economia.</p>



<p>Per tant, Immunes Health neix per a crear un ampli espai de col·laboració cap a aquests problemes actuals que han afectat les nostres vides.</p>

<p>Des del començament d&#8217;aquesta crisi de Coronavirus, detectem la sorprenent absència de pautes immunitàries i suggeriments de l&#8217;OMS en la política i la premsa.&nbsp; Per a major sorpresa, no s&#8217;han realitzat assajos clínics fins avui incloent la Quercetina com a medicament antiviral usual. A pesar que hi ha molts assajos in vitro, indicacions de supercomputadores, [&hellip;]</p>
