{"id":204,"date":"2020-04-16T16:13:25","date_gmt":"2020-04-16T16:13:25","guid":{"rendered":"http:\/\/immunes.health\/?page_id=204"},"modified":"2020-10-19T17:51:54","modified_gmt":"2020-10-19T17:51:54","slug":"que-es-immunes-health","status":"publish","type":"page","link":"https:\/\/immunes.health\/?page_id=204&lang=ca","title":{"rendered":"Que es Immunes Health"},"content":{"rendered":"\n<p>Immunes Health \u00e9s una plataforma empoderada per les persones i que t\u00e9 com a objectiu la col\u00b7laboraci\u00f3 entre cient\u00edfics, professionals i ciutadanes en temps de pand\u00e8mia per a preparar-se per a un futur m\u00e9s saludable.<br>Aquesta plataforma s&#8217;est\u00e0 construint en forma de col\u00b7laboraci\u00f3, tots els participants seran accionistes i tindran veu en el proc\u00e9s de presa de decisions. D&#8217;ara endavant, <a rel=\"noreferrer noopener\" href=\"https:\/\/immunes.health\/?producto=hazte-miembro-de-immunes-health&amp;lang=es\" data-type=\"URL\" data-id=\"https:\/\/immunes.health\/?producto=hazte-miembro-de-immunes-health&amp;lang=es\" target=\"_blank\">pots fer-te membre<\/a>.<\/p>\n\n\n\n<figure class=\"wp-block-embed-vimeo wp-block-embed is-type-video is-provider-vimeo wp-embed-aspect-9-16 wp-has-aspect-ratio\"><div class=\"wp-block-embed__wrapper\">\n<iframe loading=\"lazy\" title=\"t_video5985294882711799997\" src=\"https:\/\/player.vimeo.com\/video\/469613514?dnt=1&amp;app_id=122963\" width=\"563\" height=\"1000\" frameborder=\"0\" allow=\"autoplay; fullscreen\" allowfullscreen><\/iframe>\n<\/div><\/figure>\n\n\n\n<p class=\"has-medium-font-size\"><strong>Els nostres principals objectius;<\/strong><\/p>\n\n\n\n<ul><li>Compartir amb els ciutadans informaci\u00f3 sobre com estimular el sistema immunitari per a protegir encara m\u00e9s la nostra salut. La nutrici\u00f3 saludable i la medicina preventiva poden tenir un paper molt m\u00e9s important per a mitigar la pand\u00e8mia.<\/li><li>Investigar, distribuir i provar compostos antivirals i antiinflamatoris naturals que es poden prendre tan aviat com apareguin els primers s\u00edmptomes.<\/li><li>Promoure b\u00e9ns comuns per a la salut com una manera de garantir que els productes naturals condueixin a medicaments no patentats que protegeixin la nostra salut i superin malalties amb un cost m\u00ednim.<\/li><\/ul>\n\n\n\n<p>Per aquest motiu ja estem creant dues eines concretes<\/p>\n\n\n\n<ul><li>Un primer kit de productes naturals que pot usar-se com a prevenci\u00f3 i quan apareixen els primers s\u00edmptomes.<\/li><li>Una plataforma digital per a allotjar un espai de col\u00b7laboraci\u00f3 per a tots els participants.<\/li><\/ul>\n\n\n\n<p><em>Constru\u00efm un futur on una pand\u00e8mia mai torni a succeir. Constru\u00efm Health Commons!<\/em><\/p>\n\n\n\n<p>Creiem que les plataformes de base comuna no centrades en el benefici privat s\u00f3n una eina molt important per a la recerca i per a redescobrir tota la saviesa.Darrere de nutrients naturals com a vitamines, minerals i bioflavonoides, que es poden trobar entre la mat\u00e8ria viva de la Terra.<\/p>\n\n\n\n<figure class=\"wp-block-image size-large is-resized\"><img loading=\"lazy\" decoding=\"async\" src=\"http:\/\/immunes.health\/wp-content\/uploads\/2020\/04\/8ad0aa3a-d694-403c-857b-b4bddb9edcf0-2.jpeg\" alt=\"\" class=\"wp-image-267\" width=\"467\" height=\"311\" srcset=\"https:\/\/immunes.health\/wp-content\/uploads\/2020\/04\/8ad0aa3a-d694-403c-857b-b4bddb9edcf0-2.jpeg 320w, https:\/\/immunes.health\/wp-content\/uploads\/2020\/04\/8ad0aa3a-d694-403c-857b-b4bddb9edcf0-2-300x200.jpeg 300w\" sizes=\"(max-width: 467px) 100vw, 467px\" \/><figcaption>Alls, cebes, pomes, &#8230; regals de la natura amb rics nutrients<\/figcaption><\/figure>\n\n\n\n<p>Aix\u00ed \u00e9s com volem donar suport a la recerca cient\u00edfica independent. Aquells que comparteixen aquests objectius d&#8217;an\u00e0lisis per a la salut de la humanitat.<\/p>\n\n\n\n<p>Per aix\u00f2 cridem a:<\/p>\n\n\n\n<ul><li>Crear una plataforma on professionals independents i laboratoris comparteixin informaci\u00f3 amb ells mateixos i amb tots els participants.<\/li><li>Cadascun es converteix en emprovador de la seva recerca. Proposem recerques i busquem metges interessats \u200b\u200ba liderar-los.<\/li><li>micromecenatge les despeses de les recerques.<\/li><\/ul>\n\n\n\n<p>La pauta ser\u00e0:<\/p>\n\n\n\n<ul><li>Ara estem comen\u00e7ant a presentar el projecte i involucrar a m\u00e9s persones amb diferents coneixements a bord. Empleni el formulari &#8220;contacti&#8217;ns&#8221; per a posar-se en contacte i comen\u00e7ar a col\u00b7laborar<\/li><li>en uns dies llan\u00e7arem un micromecenatge per a cobrir les primeres despeses de la cooperativa i fer-nos capaces de produir i distribuir compostos de *quercetina + vitamina C a un preu m\u00e9s barat, i despr\u00e9s sostenir el projecte principalment en la distribuci\u00f3 de tals productes com a part del kit suggerit per a *Covid-19<\/li><li>en algunes setmanes llan\u00e7arem una plataforma descentralitzada de xarxes socials, que es dir\u00e0 social.*immunes.*health. Facilitarem la participaci\u00f3 all\u00ed segons les necessitats de tots.A partir d&#8217;aquest moment, qualsevol membre podr\u00e0 contribuir en la plataforma i compartir les seves idees, propostes i *auto organitzarse &#8230;<\/li><\/ul>\n\n\n\n<p>Mentrestant, alguns plans per a proves i assajos amb participaci\u00f3 cient\u00edfica tamb\u00e9 estan en proc\u00e9s, si desitja col\u00b7laborar, esmenti-ho en el formulari de contacte!<br><\/p>\n\n\n\n<p><br><\/p>\n","protected":false},"excerpt":{"rendered":"<p>Immunes Health \u00e9s una plataforma empoderada per les persones i que t\u00e9 com a objectiu la col\u00b7laboraci\u00f3 entre cient\u00edfics, professionals i ciutadanes en temps de pand\u00e8mia per a preparar-se per a un futur m\u00e9s saludable.Aquesta plataforma s&#8217;est\u00e0 construint en forma de col\u00b7laboraci\u00f3, tots els participants seran accionistes i tindran veu en el proc\u00e9s de presa [&hellip;]<\/p>\n","protected":false},"author":2,"featured_media":0,"parent":0,"menu_order":0,"comment_status":"closed","ping_status":"closed","template":"templates\/page-left-sidebar.php","meta":{"footnotes":""},"_links":{"self":[{"href":"https:\/\/immunes.health\/index.php?rest_route=\/wp\/v2\/pages\/204"}],"collection":[{"href":"https:\/\/immunes.health\/index.php?rest_route=\/wp\/v2\/pages"}],"about":[{"href":"https:\/\/immunes.health\/index.php?rest_route=\/wp\/v2\/types\/page"}],"author":[{"embeddable":true,"href":"https:\/\/immunes.health\/index.php?rest_route=\/wp\/v2\/users\/2"}],"replies":[{"embeddable":true,"href":"https:\/\/immunes.health\/index.php?rest_route=%2Fwp%2Fv2%2Fcomments&post=204"}],"version-history":[{"count":5,"href":"https:\/\/immunes.health\/index.php?rest_route=\/wp\/v2\/pages\/204\/revisions"}],"predecessor-version":[{"id":968,"href":"https:\/\/immunes.health\/index.php?rest_route=\/wp\/v2\/pages\/204\/revisions\/968"}],"wp:attachment":[{"href":"https:\/\/immunes.health\/index.php?rest_route=%2Fwp%2Fv2%2Fmedia&parent=204"}],"curies":[{"name":"wp","href":"https:\/\/api.w.org\/{rel}","templated":true}]}}

<p>Immunes Health és una plataforma empoderada per les persones i que té com a objectiu la col·laboració entre científics, professionals i ciutadanes en temps de pandèmia per a preparar-se per a un futur més saludable.<br>Aquesta plataforma s&#8217;està construint en forma de col·laboració, tots els participants seran accionistes i tindran veu en el procés de presa de decisions. D&#8217;ara endavant, <a rel="noreferrer noopener" href="https://immunes.health/?producto=hazte-miembro-de-immunes-health&amp;lang=es" data-type="URL" data-id="https://immunes.health/?producto=hazte-miembro-de-immunes-health&amp;lang=es" target="_blank">pots fer-te membre</a>.</p>



<figure class="wp-block-embed-vimeo wp-block-embed is-type-video is-provider-vimeo wp-embed-aspect-9-16 wp-has-aspect-ratio"><div class="wp-block-embed__wrapper">
<iframe loading="lazy" title="t_video5985294882711799997" src="https://player.vimeo.com/video/469613514?dnt=1&amp;app_id=122963" width="563" height="1000" frameborder="0" allow="autoplay; fullscreen" allowfullscreen></iframe>
</div></figure>



<p class="has-medium-font-size"><strong>Els nostres principals objectius;</strong></p>



<ul><li>Compartir amb els ciutadans informació sobre com estimular el sistema immunitari per a protegir encara més la nostra salut. La nutrició saludable i la medicina preventiva poden tenir un paper molt més important per a mitigar la pandèmia.</li><li>Investigar, distribuir i provar compostos antivirals i antiinflamatoris naturals que es poden prendre tan aviat com apareguin els primers símptomes.</li><li>Promoure béns comuns per a la salut com una manera de garantir que els productes naturals condueixin a medicaments no patentats que protegeixin la nostra salut i superin malalties amb un cost mínim.</li></ul>



<p>Per aquest motiu ja estem creant dues eines concretes</p>



<ul><li>Un primer kit de productes naturals que pot usar-se com a prevenció i quan apareixen els primers símptomes.</li><li>Una plataforma digital per a allotjar un espai de col·laboració per a tots els participants.</li></ul>



<p><em>Construïm un futur on una pandèmia mai torni a succeir. Construïm Health Commons!</em></p>



<p>Creiem que les plataformes de base comuna no centrades en el benefici privat són una eina molt important per a la recerca i per a redescobrir tota la saviesa.Darrere de nutrients naturals com a vitamines, minerals i bioflavonoides, que es poden trobar entre la matèria viva de la Terra.</p>



<figure class="wp-block-image size-large is-resized"><img loading="lazy" decoding="async" src="http://immunes.health/wp-content/uploads/2020/04/8ad0aa3a-d694-403c-857b-b4bddb9edcf0-2.jpeg" alt="" class="wp-image-267" width="467" height="311" srcset="https://immunes.health/wp-content/uploads/2020/04/8ad0aa3a-d694-403c-857b-b4bddb9edcf0-2.jpeg 320w, https://immunes.health/wp-content/uploads/2020/04/8ad0aa3a-d694-403c-857b-b4bddb9edcf0-2-300x200.jpeg 300w" sizes="(max-width: 467px) 100vw, 467px" /><figcaption>Alls, cebes, pomes, &#8230; regals de la natura amb rics nutrients</figcaption></figure>



<p>Així és com volem donar suport a la recerca científica independent. Aquells que comparteixen aquests objectius d&#8217;anàlisis per a la salut de la humanitat.</p>



<p>Per això cridem a:</p>



<ul><li>Crear una plataforma on professionals independents i laboratoris comparteixin informació amb ells mateixos i amb tots els participants.</li><li>Cadascun es converteix en emprovador de la seva recerca. Proposem recerques i busquem metges interessats ​​a liderar-los.</li><li>micromecenatge les despeses de les recerques.</li></ul>



<p>La pauta serà:</p>



<ul><li>Ara estem començant a presentar el projecte i involucrar a més persones amb diferents coneixements a bord. Empleni el formulari &#8220;contacti&#8217;ns&#8221; per a posar-se en contacte i començar a col·laborar</li><li>en uns dies llançarem un micromecenatge per a cobrir les primeres despeses de la cooperativa i fer-nos capaces de produir i distribuir compostos de *quercetina + vitamina C a un preu més barat, i després sostenir el projecte principalment en la distribució de tals productes com a part del kit suggerit per a *Covid-19</li><li>en algunes setmanes llançarem una plataforma descentralitzada de xarxes socials, que es dirà social.*immunes.*health. Facilitarem la participació allí segons les necessitats de tots.A partir d&#8217;aquest moment, qualsevol membre podrà contribuir en la plataforma i compartir les seves idees, propostes i *auto organitzarse &#8230;</li></ul>



<p>Mentrestant, alguns plans per a proves i assajos amb participació científica també estan en procés, si desitja col·laborar, esmenti-ho en el formulari de contacte!<br></p>



<p><br></p>

<p>Immunes Health és una plataforma empoderada per les persones i que té com a objectiu la col·laboració entre científics, professionals i ciutadanes en temps de pandèmia per a preparar-se per a un futur més saludable.Aquesta plataforma s&#8217;està construint en forma de col·laboració, tots els participants seran accionistes i tindran veu en el procés de presa [&hellip;]</p>
