{"id":167,"date":"2020-04-16T11:19:12","date_gmt":"2020-04-16T11:19:12","guid":{"rendered":"http:\/\/immunes.health\/?page_id=167"},"modified":"2020-04-27T11:07:38","modified_gmt":"2020-04-27T11:07:38","slug":"zasto-bas-zdravlje-imuniteta","status":"publish","type":"page","link":"https:\/\/immunes.health\/?page_id=167&lang=sr","title":{"rendered":"Za\u0161to ba\u0161 zdravlje imuniteta?"},"content":{"rendered":"\n<p>Od po\u010detka ove koronavirusne krize otkrili smo iznena\u0111uju\u0107i nedostatak imunolo\u0161kih smernica i predloga VHO, politike i \u0161tampe. Spomenute smernice ne uzimaju u obzir da je imunolo\u0161ka sposobnost na\u0161ih tela da izbace virus, ako nas poku\u0161a inficirati, ne\u0161to \u0161to se mo\u017ee modulisati na\u0161om ishranom (dijeta, dodaci hrani &#8230;) i na\u0161im pona\u0161anjem (ve\u017ebanje , sun\u010danje&#8230;). Dalje, ne uzima u obzir da je na\u0161a imunolo\u0161ka slabost kao dru\u0161tva dodatni faktor rizika koji dovodi do ovih neo\u010dekivanih stopa ozbiljnih slu\u010dajeva i smrti.&nbsp;<br><\/p>\n\n\n\n<p>Za vi\u0161e iznena\u0111enja, ranije nisu sprovedena nikakva klini\u010dka ispitivanja koja bi kvercetin obuhvatala kao antivirusni lek. Uprkos brojnim in vitro ispitivanjima, superkompjuterskim indikacijama, ispitivanjima na \u017eivotinjama i iskustvu korisnika o njihovoj zna\u010dajnoj efikasnosti u mnogim virusnim ili mikrobnim bolestima.<\/p>\n\n\n\n<p>Da li bi trebalo da uzmemo u obzir da je razlog tome \u0161to, budu\u0107i da je prirodna supstanca koja se ne mo\u017ee patentirati, lako se proizvodi i distribuira, nije u interesu velikih farmaceutskih kompanija da u nju ula\u017eu?<\/p>\n\n\n\n<figure class=\"wp-block-image size-large\"><img loading=\"lazy\" decoding=\"async\" width=\"1024\" height=\"538\" src=\"http:\/\/immunes.health\/wp-content\/uploads\/2020\/04\/Screenshot-from-2020-04-17-00-13-45-1024x538.png\" alt=\"\" class=\"wp-image-295\" srcset=\"https:\/\/immunes.health\/wp-content\/uploads\/2020\/04\/Screenshot-from-2020-04-17-00-13-45-1024x538.png 1024w, https:\/\/immunes.health\/wp-content\/uploads\/2020\/04\/Screenshot-from-2020-04-17-00-13-45-600x315.png 600w, https:\/\/immunes.health\/wp-content\/uploads\/2020\/04\/Screenshot-from-2020-04-17-00-13-45-300x158.png 300w, https:\/\/immunes.health\/wp-content\/uploads\/2020\/04\/Screenshot-from-2020-04-17-00-13-45-768x404.png 768w, https:\/\/immunes.health\/wp-content\/uploads\/2020\/04\/Screenshot-from-2020-04-17-00-13-45.png 1269w\" sizes=\"(max-width: 1024px) 100vw, 1024px\" \/><figcaption>Fondacija Gates glavni je uticaj u VHO (direktno i sa Gavi Allianceom koji su finansirali). <a href=\"http:\/\/open.vho.int\/2018-19\/contributors\/contributor\">http:\/\/open.vho.int\/2018-19\/contributors\/contributor<\/a><\/figcaption><\/figure>\n\n\n\n<p>Ne mo\u017eemo prihvatiti da se laka i prirodna re\u0161enja pre\u0107utavaju. Na\u0161a ljudska prava se kradu, na\u0161a tela uhap\u0161ena po ku\u0107ama, dru\u0161tveni \u017eivot u bankrotu i ekonomija na\u0161ih budu\u0107ih decenija stavljeni u karantin. Barem smo sre\u0107ni zbog klime i biolo\u0161ke raznolikosti, ali u postkrizi bismo morali da radimo kao \u010dove\u010danstvo da bismo stvorili \u017eivot u kome \u0107e na\u0161e zdravlje, na\u0161a sloboda i zdravlje planete postati kompatibilni.<\/p>\n\n\n\n<p>Kao polazi\u0161te Immunes Health-a smatramo da bi trenutna kriza Covid-19 trebalo da dovede do \u0161iroke analize koja omogu\u0107ava najefikasnijim prirodnim proizvodima da budu klini\u010dki testirani i pristupa\u010dnim, nepatentiranim lekovima koji se \u0161iroko koriste u zdravstvenom sistemu.<\/p>\n\n\n\n<p>U me\u0111uvremenu i u hitnim uslovima, proizvodi poput kvercetina imaju prednost: Dozvoljeni su \u0161irom sveta da se distribuiraju bez recepta kao dodatak prehrani. Iz tog razloga, a s obzirom na nedostatak re\u0161enja, zdravstvene vlasti ga daju pacijentima kojii pokazuju po\u010detne simptome, delimo poziv za upotrebu kvercetina sa uobi\u010dajenim Vitaminom C, vitaminom D i cinkom.&nbsp;<br><\/p>\n\n\n\n<p>&nbsp;Neophodno je imati medicinski komplet koji se mo\u017ee koristiti kao profilaksa za rizi\u010dne situacije ili kada se pojave prvi simptomi. To mo\u017ee u velikoj eri smanjiti simptomatske slu\u010dajeve i njihovu ozbiljnost, a tako\u0111e dosledno pomo\u0107i da se zaustavi \u0161irenje SARS-CoV2 dok se daljnja zatvaranja ne smatraju nepotrebnim, \u0161to, kako je ranije navedeno, imaju velike tro\u0161kove za ljudska prava, mentalno zdravlj<\/p>\n\n\n\n<p>&nbsp;Stoga je Immunes Health ro\u0111en da stvori \u0161irok prostor saradnje prema ovim trenutnim problemima koji su nam poremetili \u017eivot.<\/p>\n","protected":false},"excerpt":{"rendered":"<p>Od po\u010detka ove koronavirusne krize otkrili smo iznena\u0111uju\u0107i nedostatak imunolo\u0161kih smernica i predloga VHO, politike i \u0161tampe. Spomenute smernice ne uzimaju u obzir da je imunolo\u0161ka sposobnost na\u0161ih tela da izbace virus, ako nas poku\u0161a inficirati, ne\u0161to \u0161to se mo\u017ee modulisati na\u0161om ishranom (dijeta, dodaci hrani &#8230;) i na\u0161im pona\u0161anjem (ve\u017ebanje , sun\u010danje&#8230;). Dalje, ne [&hellip;]<\/p>\n","protected":false},"author":2,"featured_media":0,"parent":0,"menu_order":0,"comment_status":"closed","ping_status":"closed","template":"templates\/page-left-sidebar.php","meta":{"footnotes":""},"_links":{"self":[{"href":"https:\/\/immunes.health\/index.php?rest_route=\/wp\/v2\/pages\/167"}],"collection":[{"href":"https:\/\/immunes.health\/index.php?rest_route=\/wp\/v2\/pages"}],"about":[{"href":"https:\/\/immunes.health\/index.php?rest_route=\/wp\/v2\/types\/page"}],"author":[{"embeddable":true,"href":"https:\/\/immunes.health\/index.php?rest_route=\/wp\/v2\/users\/2"}],"replies":[{"embeddable":true,"href":"https:\/\/immunes.health\/index.php?rest_route=%2Fwp%2Fv2%2Fcomments&post=167"}],"version-history":[{"count":3,"href":"https:\/\/immunes.health\/index.php?rest_route=\/wp\/v2\/pages\/167\/revisions"}],"predecessor-version":[{"id":434,"href":"https:\/\/immunes.health\/index.php?rest_route=\/wp\/v2\/pages\/167\/revisions\/434"}],"wp:attachment":[{"href":"https:\/\/immunes.health\/index.php?rest_route=%2Fwp%2Fv2%2Fmedia&parent=167"}],"curies":[{"name":"wp","href":"https:\/\/api.w.org\/{rel}","templated":true}]}}

Zašto baš zdravlje imuniteta?

<p>Od početka ove koronavirusne krize otkrili smo iznenađujući nedostatak imunoloških smernica i predloga VHO, politike i štampe. Spomenute smernice ne uzimaju u obzir da je imunološka sposobnost naših tela da izbace virus, ako nas pokuša inficirati, nešto što se može modulisati našom ishranom (dijeta, dodaci hrani &#8230;) i našim ponašanjem (vežbanje , sunčanje&#8230;). Dalje, ne uzima u obzir da je naša imunološka slabost kao društva dodatni faktor rizika koji dovodi do ovih neočekivanih stopa ozbiljnih slučajeva i smrti.&nbsp;<br></p>



<p>Za više iznenađenja, ranije nisu sprovedena nikakva klinička ispitivanja koja bi kvercetin obuhvatala kao antivirusni lek. Uprkos brojnim in vitro ispitivanjima, superkompjuterskim indikacijama, ispitivanjima na životinjama i iskustvu korisnika o njihovoj značajnoj efikasnosti u mnogim virusnim ili mikrobnim bolestima.</p>



<p>Da li bi trebalo da uzmemo u obzir da je razlog tome što, budući da je prirodna supstanca koja se ne može patentirati, lako se proizvodi i distribuira, nije u interesu velikih farmaceutskih kompanija da u nju ulažu?</p>



<figure class="wp-block-image size-large"><img loading="lazy" decoding="async" width="1024" height="538" src="http://immunes.health/wp-content/uploads/2020/04/Screenshot-from-2020-04-17-00-13-45-1024x538.png" alt="" class="wp-image-295" srcset="https://immunes.health/wp-content/uploads/2020/04/Screenshot-from-2020-04-17-00-13-45-1024x538.png 1024w, https://immunes.health/wp-content/uploads/2020/04/Screenshot-from-2020-04-17-00-13-45-600x315.png 600w, https://immunes.health/wp-content/uploads/2020/04/Screenshot-from-2020-04-17-00-13-45-300x158.png 300w, https://immunes.health/wp-content/uploads/2020/04/Screenshot-from-2020-04-17-00-13-45-768x404.png 768w, https://immunes.health/wp-content/uploads/2020/04/Screenshot-from-2020-04-17-00-13-45.png 1269w" sizes="(max-width: 1024px) 100vw, 1024px" /><figcaption>Fondacija Gates glavni je uticaj u VHO (direktno i sa Gavi Allianceom koji su finansirali). <a href="http://open.vho.int/2018-19/contributors/contributor">http://open.vho.int/2018-19/contributors/contributor</a></figcaption></figure>



<p>Ne možemo prihvatiti da se laka i prirodna rešenja prećutavaju. Naša ljudska prava se kradu, naša tela uhapšena po kućama, društveni život u bankrotu i ekonomija naših budućih decenija stavljeni u karantin. Barem smo srećni zbog klime i biološke raznolikosti, ali u postkrizi bismo morali da radimo kao čovečanstvo da bismo stvorili život u kome će naše zdravlje, naša sloboda i zdravlje planete postati kompatibilni.</p>



<p>Kao polazište Immunes Health-a smatramo da bi trenutna kriza Covid-19 trebalo da dovede do široke analize koja omogućava najefikasnijim prirodnim proizvodima da budu klinički testirani i pristupačnim, nepatentiranim lekovima koji se široko koriste u zdravstvenom sistemu.</p>



<p>U međuvremenu i u hitnim uslovima, proizvodi poput kvercetina imaju prednost: Dozvoljeni su širom sveta da se distribuiraju bez recepta kao dodatak prehrani. Iz tog razloga, a s obzirom na nedostatak rešenja, zdravstvene vlasti ga daju pacijentima kojii pokazuju početne simptome, delimo poziv za upotrebu kvercetina sa uobičajenim Vitaminom C, vitaminom D i cinkom.&nbsp;<br></p>



<p>&nbsp;Neophodno je imati medicinski komplet koji se može koristiti kao profilaksa za rizične situacije ili kada se pojave prvi simptomi. To može u velikoj eri smanjiti simptomatske slučajeve i njihovu ozbiljnost, a takođe dosledno pomoći da se zaustavi širenje SARS-CoV2 dok se daljnja zatvaranja ne smatraju nepotrebnim, što, kako je ranije navedeno, imaju velike troškove za ljudska prava, mentalno zdravlj</p>



<p>&nbsp;Stoga je Immunes Health rođen da stvori širok prostor saradnje prema ovim trenutnim problemima koji su nam poremetili život.</p>

<p>Od početka ove koronavirusne krize otkrili smo iznenađujući nedostatak imunoloških smernica i predloga VHO, politike i štampe. Spomenute smernice ne uzimaju u obzir da je imunološka sposobnost naših tela da izbace virus, ako nas pokuša inficirati, nešto što se može modulisati našom ishranom (dijeta, dodaci hrani &#8230;) i našim ponašanjem (vežbanje , sunčanje&#8230;). Dalje, ne [&hellip;]</p>
