{"id":164,"date":"2020-04-16T11:16:18","date_gmt":"2020-04-16T11:16:18","guid":{"rendered":"http:\/\/immunes.health\/?page_id=164"},"modified":"2020-04-16T11:16:19","modified_gmt":"2020-04-16T11:16:19","slug":"sta-je-zdravlje-imuniteta","status":"publish","type":"page","link":"https:\/\/immunes.health\/?page_id=164&lang=sr","title":{"rendered":"\u0160ta je zdravlje imuniteta?"},"content":{"rendered":"\n<h4 class=\"wp-block-heading\"><strong>Imunolo\u0161ko zdravlje je osna\u017eena platforma za ljude i saradnju nau\u010dnika,profesionalaca i gradjana u vreme pandemije i pripreme za zdraviju budu\u0107nost. Sajt je gradjen u formi saradjivanja,svi posetioci \u0107e biti akcionari i ima\u0107e pravo glasa u odlu\u010divanju procesa.Od sada mo\u017eete i vi postati \u010dlan.<\/strong><\/h4>\n\n\n\n<p class=\"has-medium-font-size\"><br><strong>Na\u0161i glavni ciljevi:<\/strong><\/p>\n\n\n\n<ul><li>Deliti sa gradjanima informacije kako napredovati imunitet i za\u0161tititi na\u0161e zdravlje.Zdrava ishrana i preventivna medicina mo\u017ee imati mnogo bitnu ulogu od ubla\u017eavanja pandemije.\u00a0<\/li><li> Istra\u017eivati,distribuirati i testirati prirodne antiviruse i inflamatorna jedinjenja koja se mogu koristiti prilikom prve pojave simptoma.<\/li><li>\u00a0Promocija zdravlja kao na\u010din da se osigura tako da prirodni proizvodi dovode do nepatentiranih lekova koje \u0161tite na\u0161e zdravlje i prevazi\u0107i bolest minimalnom \u0161tetom.<\/li><\/ul>\n\n\n\n<p>Zbog ovih razloga mi ve\u0107 stvaramo 2 konkretne alatke:<\/p>\n\n\n\n<ul><li>prva pomo\u0107 od prirodnih proizvoda koja se mo\u017ee koristiti kao primarna prevencija kada se pojave prvi simptomi.\u00a0\u00a0\u00a0\u00a0\u00a0<\/li><li>digitalna platforma koja omogu\u0107ava prostor za okupljanje svih \u010dlanova<\/li><\/ul>\n\n\n\n<p><em>Hajde da sagradimo budu\u0107nost gde se pandemija vi\u0161e ne\u0107e ponoviti!\u00a0\u00a0\u00a0\u00a0 Hajde da sagradimo zdravstvo!\u00a0\u00a0\u00a0\u00a0\u00a0<\/em><\/p>\n\n\n\n<p>Verujemo da sli\u010dno bazirane platforme kojima nije cilj profit su veoma bitna alatka za pretra\u017eivanje i istra\u017eivanje mudrosti.\u00a0\u00a0\u00a0\u00a0 U obliku prirodnih prozvoda kao \u0161to su vitamini,minerali i bioflavonoidi,koje proizvode \u017eiva bi\u0107a na planeti Zemlji.\u00a0\u00a0\u00a0\u00a0\u00a0\u00a0\u00a0\u00a0\u00a0\u00a0\u00a0\u00a0<\/p>\n\n\n\n<p>Na taj na\u010din mi \u017eelimo dati podr\u0161ku nezavisnim nau\u010dnim\u00a0 istra\u017eivanjima koja dele ovaj cilj\u00a0za istrazivanje i poboljsanje ljudskog zdravlja.<\/p>\n\n\n\n<p>\u00a0Tamo trazimo:<\/p>\n\n\n\n<ul><li>hajde da napravimo platformu gde nezavisni profesionalci i laboranti dele informacije izmedju njih sa svim ucesnicima.\u00a0\u00a0\u00a0\u00a0\u00a0\u00a0\u00a0\u00a0<\/li><li>Hajdemo biti svi testeri nasih istrazivanja.Hajde da predlozimo nasa istrazivanja i predlozimo doktorima kako bi ih uputili.\u00a0\u00a0\u00a0\u00a0\u00a0\u00a0\u00a0\u00a0 <\/li><li>gomila ce finansirati troskove za istrazivanja.\u00a0\u00a0\u00a0\u00a0\u00a0\u00a0\u00a0\u00a0<\/li><\/ul>\n\n\n\n<p>Plan ce biti<\/p>\n\n\n\n<ul><li>Sada krecemo predstavljati projekat i ukljucivati vise ljudi sa razlicitim inostranim vestacenjima.Imajte potrebu da nas kontaktirate ako zelite biti u odnosu i krenuti da saradjujemo zajedno.\u00a0\u00a0\u00a0\u00a0\u00a0\u00a0\u00a0\u00a0\u00a0\u00a0\u00a0\u00a0 <\/li><li>u nekoliko dana cemo postaviti grupno finansiranje da bih pokrili prve troskove\u00a0 oko saradjivanja kako bi bili sposobni da proizvodimo i distribuiramo Quercetin + C vitamin jedinjenja za jeftin novac,i onda odrzati projekat uglavnom na distribuciji takvih produkata kao deo predlozeni komplet Covid-19\u00a0\u00a0\u00a0\u00a0\u00a0\u00a0\u00a0\u00a0\u00a0\u00a0\u00a0\u00a0\u00a0\u00a0\u00a0\u00a0\u00a0\u00a0\u00a0\u00a0\u00a0\u00a0\u00a0\u00a0\u00a0 <\/li><li>Za nekoliko nedelja cemo postaviti platformu\u00a0 drustvenu internet decentralizacije,tako ce se zvati, drustveno.zdravlje.imuniteta.Mi cemo olaksati clanstvo koje se zasniva na potrebama svih nas.Odatle ce svaki clan biti u mogucnosti da doprinese na platformu svojim idejama,pretpostavkama i samoorganizacijom.<\/li><\/ul>\n\n\n\n<p>U me\u0111uvremenu, u planu su i neki planovi testova i ispitivanja sa nau\u010dnim anga\u017emanom, a ako \u017eelite saradnju, navedite to u kontaktiranju!<\/p>\n","protected":false},"excerpt":{"rendered":"<p>Imunolo\u0161ko zdravlje je osna\u017eena platforma za ljude i saradnju nau\u010dnika,profesionalaca i gradjana u vreme pandemije i pripreme za zdraviju budu\u0107nost. Sajt je gradjen u formi saradjivanja,svi posetioci \u0107e biti akcionari i ima\u0107e pravo glasa u odlu\u010divanju procesa.Od sada mo\u017eete i vi postati \u010dlan. Na\u0161i glavni ciljevi: Deliti sa gradjanima informacije kako napredovati imunitet i za\u0161tititi [&hellip;]<\/p>\n","protected":false},"author":2,"featured_media":0,"parent":0,"menu_order":0,"comment_status":"closed","ping_status":"closed","template":"templates\/page-left-sidebar.php","meta":{"footnotes":""},"_links":{"self":[{"href":"https:\/\/immunes.health\/index.php?rest_route=\/wp\/v2\/pages\/164"}],"collection":[{"href":"https:\/\/immunes.health\/index.php?rest_route=\/wp\/v2\/pages"}],"about":[{"href":"https:\/\/immunes.health\/index.php?rest_route=\/wp\/v2\/types\/page"}],"author":[{"embeddable":true,"href":"https:\/\/immunes.health\/index.php?rest_route=\/wp\/v2\/users\/2"}],"replies":[{"embeddable":true,"href":"https:\/\/immunes.health\/index.php?rest_route=%2Fwp%2Fv2%2Fcomments&post=164"}],"version-history":[{"count":2,"href":"https:\/\/immunes.health\/index.php?rest_route=\/wp\/v2\/pages\/164\/revisions"}],"predecessor-version":[{"id":316,"href":"https:\/\/immunes.health\/index.php?rest_route=\/wp\/v2\/pages\/164\/revisions\/316"}],"wp:attachment":[{"href":"https:\/\/immunes.health\/index.php?rest_route=%2Fwp%2Fv2%2Fmedia&parent=164"}],"curies":[{"name":"wp","href":"https:\/\/api.w.org\/{rel}","templated":true}]}}