{"id":148,"date":"2020-04-15T17:52:22","date_gmt":"2020-04-15T17:52:22","guid":{"rendered":"http:\/\/immunes.health\/?page_id=148"},"modified":"2020-04-17T05:12:04","modified_gmt":"2020-04-17T05:12:04","slug":"referencias-medicas-y-cientificas","status":"publish","type":"page","link":"https:\/\/immunes.health\/?page_id=148&lang=es","title":{"rendered":"Referencias m\u00e9dicas y cient\u00edficas"},"content":{"rendered":"\n<p>Ya para el SARS 2003, la quercetina se prob\u00f3 en el laboratorio con buenos resultados:\u00a0<a href=\"https:\/\/jvi.asm.org\/content\/78\/20\/11334#T1\">https:\/\/jvi.asm.org\/content\/78\/20\/11334#T1<\/a> <a href=\"https:\/\/www.ncbi.nlm.nih.gov\/pubmed\/17046271\">https:\/\/www.ncbi.nlm.nih.gov\/pubmed\/17046271<\/a><\/p>\n\n\n\n<p>Si alguien sospecha que la quercetina podr\u00eda funcionar solo para ese coronavirus espec\u00edfico, podr\u00eda ser \u00fatil ver que tambi\u00e9n se ha demostrado que funciona para virus tan diversos como la gripe, el \u00e9bola y la hepatitis B: <\/p>\n\n\n\n<ul><li><a href=\"https:\/\/www.ncbi.nlm.nih.gov\/pmc\/articles\/PMC4728566\/\">https:\/\/www.ncbi.nlm.nih.gov\/pmc\/articles\/PMC4728566\/<\/a><\/li><li><a href=\"https:\/\/aac.asm.org\/content\/60\/9\/5182\">https:\/\/aac.asm.org\/content\/60\/9\/5182<\/a><\/li><li><a href=\"https:\/\/www.ncbi.nlm.nih.gov\/pubmed\/26268473\">https:\/\/www.ncbi.nlm.nih.gov\/pubmed\/26268473<\/a><\/li><\/ul>\n\n\n\n<p>Una investigaci\u00f3n de supercomputadora analiz\u00f3 8000 compuestos qu\u00edmicos en busca de un antiviral para Covid-19 y concluy\u00f3 que Quercetina estaba entre los 5 m\u00e1s apropiados: <a href=\"https:\/\/chemrxiv.org\/articles\/Repurposing_Therapeutics_for_the_Wuhan_Coronavirus_nCov-2019_Supercomputer-Based_Docking_to_the_Viral_S_Protein_and_Human_ACE2_Interface\/11871402\/4\">https:\/\/chemrxiv.org\/articles\/Repurposing_Therapeutics_for_the_Wuhan_Coronavirus_nCov-2019_Supercomputer-Based_Docking_to_the_Viral_S_Protein_and_Human_ACE2_Interface\/11871402\/4<\/a><\/p>\n\n\n\n<figure class=\"wp-block-image size-large\"><img loading=\"lazy\" decoding=\"async\" width=\"1024\" height=\"474\" src=\"http:\/\/immunes.health\/wp-content\/uploads\/2020\/04\/Screenshot-from-2020-04-16-23-07-03-1024x474.png\" alt=\"\" class=\"wp-image-284\" srcset=\"https:\/\/immunes.health\/wp-content\/uploads\/2020\/04\/Screenshot-from-2020-04-16-23-07-03-1024x474.png 1024w, https:\/\/immunes.health\/wp-content\/uploads\/2020\/04\/Screenshot-from-2020-04-16-23-07-03-600x278.png 600w, https:\/\/immunes.health\/wp-content\/uploads\/2020\/04\/Screenshot-from-2020-04-16-23-07-03-300x139.png 300w, https:\/\/immunes.health\/wp-content\/uploads\/2020\/04\/Screenshot-from-2020-04-16-23-07-03-768x356.png 768w, https:\/\/immunes.health\/wp-content\/uploads\/2020\/04\/Screenshot-from-2020-04-16-23-07-03.png 1159w\" sizes=\"(max-width: 1024px) 100vw, 1024px\" \/><\/figure>\n\n\n\n<p>Las mismas conclusiones fueron obtenidas, hace unas semanas, por uno de los investigadores m\u00e9dicos canadienses m\u00e1s reconocidos y su equipo. Esto se explic\u00f3 en la televisi\u00f3n canadiense. <a href=\"https:\/\/www.cbc.ca\/player\/play\/1703883331818\">https:\/\/www.cbc.ca\/player\/play\/1703883331818<\/a> &nbsp;y una entrevista de radio: <a href=\"https:\/\/www.cbc.ca\/player\/play\/1703914563515\">https:\/\/www.cbc.ca\/player\/play\/1703914563515<\/a> <\/p>\n\n\n\n<p>Como se lee aqu\u00ed: <a href=\"https:\/\/www.macleans.ca\/news\/canada\/a-made-in-canada-solution-to-the-coronavirus-outbreak\/)\">https:\/\/www.macleans.ca\/news\/canada\/a-made-in-canada-solution-to-the-coronavirus-outbreak\/)<\/a><\/p>\n\n\n\n<p>As\u00ed es como China y otros pa\u00edses est\u00e1n probando actualmente la quercetina en ensayos cl\u00ednicos en colaboraci\u00f3n con el Institut de Recherques Cliniques de Montrea <a href=\"https:\/\/ircm.qc.ca\/\">https:\/\/ircm.qc.ca\/<\/a> Podr\u00edan tener resultados a principios de mayo, pero esto no es lo suficientemente r\u00e1pido para miles de personas que mueren todos los d\u00edas.<\/p>\n\n\n\n<p>La ionizaci\u00f3n de zinc para detener la actividad antiviral se documenta, por ejemplo, aqu\u00ed: <a href=\"https:\/\/pubs.acs.org\/doi\/10.1021\/jf5014633\">https:\/\/pubs.acs.org\/doi\/10.1021\/jf5014633<\/a> y aqu\u00ed: <a href=\"http:\/\/www.tdx.cat\/bitstream\/10803\/292248\/1\/Tesis%20.pdf\">http:\/\/www.tdx.cat\/bitstream\/10803\/292248\/1\/Tesis%20.pdf<\/a><\/p>\n\n\n\n<figure class=\"wp-block-image size-large\"><img loading=\"lazy\" decoding=\"async\" width=\"500\" height=\"255\" src=\"http:\/\/immunes.health\/wp-content\/uploads\/2020\/04\/jf-2014-014633_0010.gif\" alt=\"\" class=\"wp-image-278\"\/><figcaption>Quercetina es ion\u00f3foro de zinc como EGCG y cloroquina<\/figcaption><\/figure>\n\n\n\n<p>La funci\u00f3n de quelaci\u00f3n de la quercetina, que lo convierte en un antioxidante y antiinflamatorio \u00f3ptimo en el contexto de Covid-19ha sido probado en el estudio;&nbsp;<a href=\"https:\/\/www.ncbi.nlm.nih.gov\/pubmed\/16910729\">https:\/\/www.ncbi.nlm.nih.gov\/pubmed\/16910729<\/a><\/p>\n\n\n\n<p>Algunos m\u00e9dicos del sistema de salud p\u00fablica est\u00e1n sugiriendo quercetina, vitaminas C y D y zinc a sus hospitales.Este es el caso de la escuela de medicina de Virginia en EE. UU. <a href=\"https:\/\/www.evms.edu\/covid-19\/medical_information_resources\/\">https:\/\/www.evms.edu\/covid-19\/medical_information_resources\/<\/a>  <a href=\"https:\/\/www.evms.edu\/media\/evms_public\/departments\/internal_medicine\/Marik-Covid-Protocol-Summary.pdf\">https:\/\/www.evms.edu\/media\/evms_public\/departments\/internal_medicine\/Marik-Covid-Protocol-Summary.pdf<\/a><\/p>\n\n\n\n<figure class=\"wp-block-image size-large\"><img loading=\"lazy\" decoding=\"async\" width=\"819\" height=\"602\" src=\"http:\/\/immunes.health\/wp-content\/uploads\/2020\/04\/Screenshot-from-2020-04-16-23-15-36.png\" alt=\"\" class=\"wp-image-290\" srcset=\"https:\/\/immunes.health\/wp-content\/uploads\/2020\/04\/Screenshot-from-2020-04-16-23-15-36.png 819w, https:\/\/immunes.health\/wp-content\/uploads\/2020\/04\/Screenshot-from-2020-04-16-23-15-36-600x441.png 600w, https:\/\/immunes.health\/wp-content\/uploads\/2020\/04\/Screenshot-from-2020-04-16-23-15-36-300x221.png 300w, https:\/\/immunes.health\/wp-content\/uploads\/2020\/04\/Screenshot-from-2020-04-16-23-15-36-768x565.png 768w\" sizes=\"(max-width: 819px) 100vw, 819px\" \/><figcaption>El protocolo para hospitales en el Estado de Virginia (EE. UU.) Desarrollado por el Dr. Marik, Jefe de Medicina Pulmonar y de Cuidados Cr\u00edticos de la Escuela de Medicina de Virginia del Este<\/figcaption><\/figure>\n\n\n\n<p>Tambi\u00e9n. El Dr. Mobeen, profesor de medicina en India sugiere al personal m\u00e9dico quercetina, vitaminas C y D y zinc (en su caso, combinado con hidroxicloroquina, desde el minuto 27, y quercetina como alternativa). <a href=\"https:\/\/www.youtube.com\/watch?v=W9YFXo84lCk\">https:\/\/www.youtube.com\/watch?v=W9YFXo84lCk<\/a><\/p>\n\n\n\n<p>Tambi\u00e9n sugiriendo quercetina Dr. Leonard de Nueva York: <a href=\"https:\/\/www.fox10phoenix.com\/news\/doctor-offers-coronavirus-protection-advice\">https:\/\/www.fox10phoenix.com\/news\/doctor-offers-coronavirus-protection-advice<\/a><\/p>\n\n\n\n<p>La quercetina ha sido probada en ensayos cl\u00ednicos para muchas enfermedades diferentes. <a href=\"https:\/\/clinicaltrials.gov\/ct2\/results?cond=&amp;term=quercetin&amp;cntry=&amp;state=&amp;city=&amp;dist=&amp;Search=Search\">https:\/\/clinicaltrials.gov\/ct2\/results?cond=&amp;term=quercetin&amp;cntry=&amp;state=&amp;city=&amp;dist=&amp;Search=Search<\/a><\/p>\n\n\n\n<p>Para Covid-19 la quercetina participa en un ensayo cl\u00ednico en Francia donde se compara con hidroxicloroquina <a href=\"https:\/\/solidarites-sante.gouv.fr\/IMG\/pdf\/covid19_projets-recherche_therapeutiques_en-cours-instruction.pdf\">https:\/\/solidarites-sante.gouv.fr\/IMG\/pdf\/covid19_projets-recherche_therapeutiques_en-cours-instruction.pdf<\/a><\/p>\n\n\n\n<p>Otros ensayos que involucran productos naturales son: <\/p>\n\n\n\n<ul><li><a href=\"https:\/\/clinicaltrials.gov\/ct2\/show\/NCT04264533\">https:\/\/clinicaltrials.gov\/ct2\/show\/NCT04264533<\/a> Ensayo cl\u00ednico de amenazas de Covid-19 con dosis altas de vitamina C<\/li><li><a href=\"https:\/\/clinicaltrials.gov\/ct2\/show\/NCT04323514\">https:\/\/clinicaltrials.gov\/ct2\/show\/NCT04323514<\/a> Segundo ensayo cl\u00ednico de Covid-19 con dosis altas de vitamina C<\/li><li><a href=\"https:\/\/clinicaltrials.gov\/ct2\/show\/NCT04334005\">https:\/\/clinicaltrials.gov\/ct2\/show\/NCT04334005<\/a> Ensayo cl\u00ednico de uso de vitamina D, para profilaxis y primeros s\u00edntomas<\/li><\/ul>\n\n\n\n<p>Hay otros 3 ensayos cl\u00ednicos que involucran hidroxicloroquina + vitamina C + vitamina D + zinc.<\/p>\n\n\n\n<ul><li><a href=\"https:\/\/clinicaltrials.gov\/ct2\/show\/NCT04335084\">https:\/\/clinicaltrials.gov\/ct2\/show\/NCT04335084<\/a><\/li><li><a href=\"https:\/\/clinicaltrials.gov\/ct2\/show\/NCT04334512\">https:\/\/clinicaltrials.gov\/ct2\/show\/NCT04334512<\/a><\/li><li><a href=\"https:\/\/clinicaltrials.gov\/ct2\/show\/NCT04326725\">https:\/\/clinicaltrials.gov\/ct2\/show\/NCT04326725<\/a><\/li><\/ul>\n\n\n\n<p>Entre los nutricionistas y especialistas en salud natural, se sugiere la quercetina que a menudo incluye la asociaci\u00f3n de nutrici\u00f3n estadounidense<\/p>\n\n\n\n<ul><li><a href=\"https:\/\/theana.org\/COVID-19\">https:\/\/theana.org\/COVID-19<\/a><\/li><li><a href=\"https:\/\/blog.nutri-tech.com.au\/immune-enhancement-the-missing-covid-19-essential-part-3\/\">https:\/\/blog.nutri-tech.com.au\/immune-enhancement-the-missing-covid-19-essential-part-3\/<\/a><\/li><li><a href=\"https:\/\/alphagreen.io\/quercetin\">https:\/\/alphagreen.io\/quercetin<\/a><\/li><\/ul>\n","protected":false},"excerpt":{"rendered":"<p>Ya para el SARS 2003, la quercetina se prob\u00f3 en el laboratorio con buenos resultados:\u00a0https:\/\/jvi.asm.org\/content\/78\/20\/11334#T1 https:\/\/www.ncbi.nlm.nih.gov\/pubmed\/17046271 Si alguien sospecha que la quercetina podr\u00eda funcionar solo para ese coronavirus espec\u00edfico, podr\u00eda ser \u00fatil ver que tambi\u00e9n se ha demostrado que funciona para virus tan diversos como la gripe, el \u00e9bola y la hepatitis B: https:\/\/www.ncbi.nlm.nih.gov\/pmc\/articles\/PMC4728566\/ https:\/\/aac.asm.org\/content\/60\/9\/5182 [&hellip;]<\/p>\n","protected":false},"author":2,"featured_media":0,"parent":0,"menu_order":0,"comment_status":"closed","ping_status":"closed","template":"templates\/page-left-sidebar.php","meta":{"footnotes":""},"_links":{"self":[{"href":"https:\/\/immunes.health\/index.php?rest_route=\/wp\/v2\/pages\/148"}],"collection":[{"href":"https:\/\/immunes.health\/index.php?rest_route=\/wp\/v2\/pages"}],"about":[{"href":"https:\/\/immunes.health\/index.php?rest_route=\/wp\/v2\/types\/page"}],"author":[{"embeddable":true,"href":"https:\/\/immunes.health\/index.php?rest_route=\/wp\/v2\/users\/2"}],"replies":[{"embeddable":true,"href":"https:\/\/immunes.health\/index.php?rest_route=%2Fwp%2Fv2%2Fcomments&post=148"}],"version-history":[{"count":5,"href":"https:\/\/immunes.health\/index.php?rest_route=\/wp\/v2\/pages\/148\/revisions"}],"predecessor-version":[{"id":357,"href":"https:\/\/immunes.health\/index.php?rest_route=\/wp\/v2\/pages\/148\/revisions\/357"}],"wp:attachment":[{"href":"https:\/\/immunes.health\/index.php?rest_route=%2Fwp%2Fv2%2Fmedia&parent=148"}],"curies":[{"name":"wp","href":"https:\/\/api.w.org\/{rel}","templated":true}]}}